4 - 2/3*r**3 - 3*r. Let x be (12/(-10))/((-3)/(-10)). Give p(x).
13
Let i(d) = d**3 - 5*d**2 - d + 11. Let l(a) = -2*a**2 - 42*a + 41. Let b be l(1). Let c be b/(-6) - (-12)/8 - -3. What is i(c)?
6
Let w(s) = 3*s**3 - 13*s**2 + 61*s - 294. Let x(h) = -h**3 + 4*h**2 - 20*h + 99. Let l(f) = 6*w(f) + 17*x(f). Give l(8).
-1
Let x(q) = -q**3 + 3*q**2 + 4*q. Let u(c) = c**3 + 5*c**2 + 6*c + 3. Suppose 19*t = t + 360. Let z be (-52)/t - 12/(-20). Let r be u(z). Give x(r).
12
Suppose 0 = -5*p - 5*v + 20, 10*p + 2*v = 5*p + 14. Suppose -5*h - 17 = -p. Let q(i) = 2*i**2 + i - 17 + 4*i + 19. Determine q(h).
5
Let a(q) be the first derivative of -4/3*q**3 - 13 - 22*q + 1/12*q**4 + 0*q**2. Let y(m) be the first derivative of a(m). Give y(7).
-7
Let i(u) = 24*u**2. Let t = 166 + -167. Let x be (t + 2)*(5 + -4). Calculate i(x).
24
Let l be (-90)/(-75) + 186/(-30). Let d(r) = 7*r**2 + 15*r + 2. Give d(l).
102
Let c(z) = z**3 + 10*z**2 - 14*z - 19. Suppose 3*d + 5*f = -33, 2*d + 2*f + 11 = d. What is c(d)?
14
Let x(a) = 54*a - 105. Let r(j) = -j**2 + 51*j + 4754. Let d be r(-48). Give x(d).
3
Let x(k) be the third derivative of k**7/1260 - 17*k**6/720 - 3*k**5/5 - k**4/6 - 4*k**2 + 6. Let l(b) be the third derivative of x(b). Give l(7).
11
Let c(z) = z**3 - 15*z**2 + z - 13. Let n be (-17 - -92)*5/25. Give c(n).
2
Let a(c) = c**2 - 12*c + 14. Suppose 72*n - 288 - 720 = 0. Calculate a(n).
42
Let a(x) be the first derivative of 1/2*x**4 - 3/2*x**2 + 28 - 2*x + 2/3*x**3. Give a(-2).
-4
Let j(u) = -5*u. Let d = 3258 - 3253. Give j(d).
-25
Let d(y) = y. Suppose 0 = -3*p - 4*h + 25, 2*p - 4*h - 36 = -6. Let m(q) = 13*q - 10*q - p*q. Let s(x) = 6*d(x) + m(x). Determine s(1).
-2
Suppose -d + 6 = -0*d. Let f be (-7 + d)/(1/(-7)). Suppose 0 = 9*n - f*n - 14. Let b(x) = -x + 11. Determine b(n).
4
Let i(p) be the second derivative of -19*p**3/6 - 3*p**2 - 3*p - 537. Give i(2).
-44
Let t be (-1609)/9 + (-72)/324. Let i = 175 + t. Let c(k) = k**2 + 3*k - 4. Calculate c(i).
0
Let y(b) = -7*b + 43. Suppose v = 5*v + v - 35. Calculate y(v).
-6
Let h(i) = 5*i - 3. Suppose -10*v + 11*v = -5. Let j(s) = s**2 + 5*s + 9. Let l be j(v). Suppose -l*o + 20 = 2. Calculate h(o).
7
Let t(z) = z**3 + z**2 + z - 4. Suppose 2*d + 0 = -8. Let l(v) = v**3 + 2*v**2 + 2*v - 3. Let w = -113 + 118. Let u(r) = d*t(r) + w*l(r). What is u(-5)?
-4
Let l(a) = 4*a**3 + 17*a**2 + 34*a + 6. Let y(u) = -5*u**3 - 16*u**2 - 31*u - 8. Let w(c) = 6*l(c) + 5*y(c). Calculate w(24).
20
Suppose -1 + 17 = 4*v. Let g(n) = -1 - 1 + v + 0 - 2*n. Suppose 0 = -5*c - 5*j - 25, -j - 2 = -2*c + 3*j. Give g(c).
8
Let n(x) = -12 + 11 + 1 - 39 - 6*x + 8. Determine n(-10).
29
Let y(a) = -9*a + 10049*a**2 - 20098*a**2 - 11 + 10050*a**2. Calculate y(11).
11
Let y(m) = 17*m - 63. Suppose 275144*x = 275146*x - 6. Calculate y(x).
-12
Suppose -24*a + 21*a - 4*v = 2364, 0 = -5*a + 3*v - 3940. Let z = a + 797. Let d(f) = -f**3 + 9*f**2 + 7. Determine d(z).
7
Let p(q) = -q + 5. Let r be p(7). Let n(x) = -255 + 71 + 67 + 59 + 61 + 20*x. What is n(r)?
-37
Let f(x) be the second derivative of -x**5/20 - x**4/6 + 2*x**3/3 + 2*x**2 - 136*x. Let y = -152 - -149. Calculate f(y).
1
Let f = -60 + 92. Suppose -8 = 10*c + f. Let a(h) = -h - 6. Calculate a(c).
-2
Let b be 12/(-10)*((-2200)/(-15))/(-11). Let j(g) = -g**3 - 8 - 121*g + 138*g + 15*g**2 - 14. Determine j(b).
-6
Suppose 0 = -5*k - 10, -5*o - 5*k + 1 = 26. Let g(i) = 9*i**2 + 18*i - 10. Let x(w) = -5*w**2 - 10*w + 6. Let s(t) = -4*g(t) - 7*x(t). Calculate s(o).
-5
Let s(c) be the first derivative of 9*c**3 + 269*c**2/2 - 11*c - 2687. Determine s(-10).
-1
Let k(p) = -p**2 + 20*p - 64. Let u be ((-54)/24)/((-65)/260). What is k(u)?
35
Let n(c) be the second derivative of -c**5/20 + c**4 - c**3 - 39*c**2/2 - 2650*c. What is n(11)?
16
Suppose 2 + 2 = k, 2*m - 4*k = -16. Let s(z) be the third derivative of z**5/60 - z**3/6 + 53*z**2. Determine s(m).
-1
Suppose -5*p - 7491 + 7456 = 0. Let u(q) = q**3 + 6*q**2 - 9*q - 8. Calculate u(p).
6
Let d(a) = -a**3 + 12*a**2 - 22*a + 21. Let r be d(10). Let y(f) = 10*f**2 + 6*f + 14. Let u(b) = b**2 + 1. Let s(q) = r*y(q) - 8*u(q). Give s(-3).
6
Let q be 49/(294/(-108))*(-2)/(-6). Let i(s) = -2*s**2 - 15*s - 6. Calculate i(q).
12
Suppose -14*y + 36*y + 6*y + 448 = 0. Let t(r) = 3*r**2 + 54*r + 4. What is t(y)?
-92
Let v(r) be the second derivative of 217*r - 5/2*r**2 + 0 + 1/3*r**3. Let z = 0 + 4. Calculate v(z).
3
Let x(j) = 15*j - 457. Suppose -210 = 949*w - 956*w. Calculate x(w).
-7
Let b(s) = -26*s + 1435 - 2875 + s**2 + 1497. Determine b(23).
-12
Let q(i) = i + 10. Let v(r) = 0 - 9 - 19*r + 18*r. Let f(a) = a - 2. Let k be f(5). Let l(w) = k*v(w) + 2*q(w). Calculate l(-8).
1
Let d(n) = 16*n + 1. Let w be (2305/10)/(1/(-2)). Let c = 459 + w. Give d(c).
-31
Let q(n) = -4*n**3 - 2*n**2 + n - 1. Suppose 0 = 12*g - 7*g - 50. Suppose -8 = -g*y + 9*y. Suppose -y = 4*r, 2*m - 5*r = 6*m + 18. Give q(m).
21
Let v(u) = -12*u + 34*u - 19*u. Let w(d) be the first derivative of -d**3/3 + 8*d - 8. Let s be w(-3). Give v(s).
-3
Let t(f) = -2*f**3 + 3*f**2 - 7*f - 2. Let s(v) be the first derivative of v**4/2 - 2*v**3/3 + 3*v**2 + 2*v + 4. Let g(b) = -6*s(b) - 5*t(b). What is g(-2)?
4
Let z(l) = l**3 + 9*l**2 + 15*l + 4. Suppose -3*o - 466 = -3*a - 448, 22 = -3*o - a. Determine z(o).
-3
Let j(i) = 3*i**2 - 4*i + 1. Let s = -337 - -343. Let b = -4 - -13. Suppose -s*n + 9 = -b. Give j(n).
16
Let z(u) = -35*u + 3. Let a be z(1). Let f = -23 - a. Suppose p - 5*n + 7 = -3*p, 3*p + f = 5*n. Let m(k) = 2*k**2 - k - 2. Give m(p).
4
Suppose p = 2*q + 8 - 4, -2*p = -2*q - 6. Let b(h) = -9*h + 7. Let y(t) = 6*t - 5. Let r(x) = -5*b(x) - 8*y(x). What is r(p)?
-1
Let d(r) = -r**3 - r - 14. Let g(f) = -16 + 130*f - 131*f + 3. Let t be g(-16). Suppose 0 = a - 5*a - 20, -2*a = -t*w + 10. Calculate d(w).
-14
Suppose -3*q + 24 + 54 = 0. Suppose -x = q - 19. Let i(w) = 0*w - w**3 + 18 - w - 42 - 7*w**2 - 2*w + 23. Give i(x).
20
Suppose 6*u - 2*u = -44. Let l(a) be the first derivative of -a**2/2 - 14*a - 26371. What is l(u)?
-3
Suppose 0 = 7*o - 25*o + 54. Let u(d) = -d - 1. Let n(z) = -18*z - 2. Let x(a) = -n(a) + 4*u(a). Give x(o).
40
Let y(j) = 2*j**2 - 6*j - 12. Let r = -756 + 762. Suppose r*v + 43 = 79. What is y(v)?
24
Suppose r = -4*c + 1, -3*c - r + 4*r - 3 = 0. Suppose c = -w - 0*w + 3. Suppose d = 3*z - w, 3*d - 3 = 3*z - 0. Let b(h) = 5*h**2 + h - 1. Give b(z).
21
Let g(q) = 3*q + 260. Let z(b) = -b - 93. Let f(m) = -6*g(m) - 17*z(m). What is f(6)?
15
Suppose 2*t = -0*t - 3*t. Suppose 8*j - 19*j - 55 = t. Let y(z) = z**3 + 4*z**2 - 3*z + 7. Give y(j).
-3
Let q(n) = -3*n - 2. Let l(w) = w**2 - 17*w - 10. Let x(p) = l(p) - 4*q(p). Suppose 0 = -5*z - 4*s - 0*s, 0 = -3*z - 4*s - 8. Give x(z).
-6
Let x(i) = -i - 2. Let z be x(-4). Let b(p) = -244*p**2 + 245*p**2 - 3*p - 2*p + 6 + p. Let v be b(z). Let g(l) = l**2 + l - 2. What is g(v)?
4
Let q(b) = -2*b**2 - b - 11. Let k = -11 + 11. Let x be q(k). Let c(g) = 1926 + g**2 + 11*g - 3837 + 1919. Determine c(x).
8
Suppose 5*b + 175 = -3*i, -3*b + 2384 = 4*i + 2500. Let q(z) = -2*z**2 - 63*z + 37. Calculate q(b).
5
Let d(g) = 24*g - 4. Let n(f) = 8*f - 1. Let b(i) = 2*d(i) - 7*n(i). Let m = 426 + -792. Let x = 364 + m. What is b(x)?
15
Let u be (-2)/(-9) - 1124/5058. Let n(z) = -z**3 - 5*z**2 - 5*z + 9. Let c(k) = -2*k**3 - 9*k**2 - 9*k + 19. Let q(g) = -6*c(g) + 11*n(g). What is q(u)?
-15
Let d(g) = g**3 + 1 - 2 - 8*g**3 - g**2 + 543*g - 542*g. What is d(1)?
-8
Let y(f) be the second derivative of f**5/20 - 49*f**4/12 - 8*f**3 - 50*f**2 + 1095*f. Calculate y(50).
0
Let p(d) = -2*d**2 + 75*d + 117. Let h = -4577 + 4616. Give p(h).
0
Let d = -25991 - -25983. Let f(i) = -6*i**2 - 42*i + 35. What is f(d)?
-13
Let f(v) = -2*v**3 - 2*v**2 + 2*v + 2. Let w be f(-2). Suppose 0 = 8*r - 4*r - 24. Let o(h) = -1834 + 1837 - h - r*h + h**2. Calculate o(w).
-3
Let q = 2200 - 1990. Suppose 20*t + q = -15*t. Let v(i) = -9 - 6*i - i**3 + 6*i**2 - i**2 + 2*i**3. Determine v(t).
-9
Let o = -3929 + 3930. Let n(l) = 8*l**3 + 2*l**2 - 3*l + 2. What is n(o)?
9
Let u(g) = -2*g**3 - 26*g**2 - 25*g - 9. Let h be u(-12). Let w(q) = -4*q**2 + h - q**3 - q**2 + 288*q - 291*q. Suppose 9*z + 20 = 4*z. Give w(z).
-1
Suppose 12 = 4*d + 4. Suppose -9*i = -47 